is -3 (base 4) in base 6?
-3
5 (base 6) to base 3
12
Convert -1 (base 8) to base 6.
-1
-96 (base 10) to base 3
-10120
Convert -61 (base 11) to base 6.
-151
Convert -36 (base 13) to base 15.
-30
What is 6 (base 13) in base 9?
6
-5 (base 8) to base 12
-5
Convert 12 (base 5) to base 12.
7
Convert -41 (base 14) to base 15.
-3c
What is -73 (base 8) in base 6?
-135
-36 (base 7) to base 5
-102
What is -2 (base 11) in base 12?
-2
Convert 1a (base 16) to base 8.
32
Convert -12 (base 6) to base 9.
-8
Convert -ad (base 15) to base 16.
-a3
Convert 23 (base 11) to base 15.
1a
Convert 1000 (base 2) to base 9.
8
What is 5 (base 7) in base 8?
5
216 (base 7) to base 11
a1
Convert -43 (base 8) to base 12.
-2b
What is -4 (base 11) in base 9?
-4
-42 (base 7) to base 5
-110
d (base 15) to base 14
d
-112 (base 3) to base 13
-11
-2 (base 9) to base 10
-2
Convert -2 (base 4) to base 10.
-2
Convert 1004 (base 5) to base 4.
2001
Convert -2014 (base 5) to base 7.
-520
Convert -1a (base 15) to base 11.
-23
-21 (base 12) to base 9
-27
16 (base 10) to base 6
24
Convert 0 (base 8) to base 4.
0
What is 11 (base 14) in base 6?
23
Convert -8 (base 10) to base 14.
-8
0 (base 9) to base 3
0
What is -40 (base 9) in base 5?
-121
What is 1030 (base 5) in base 15?
95
What is -4 (base 7) in base 2?
-100
-210 (base 9) to base 7
-333
30 (base 7) to base 15
16
-1a (base 14) to base 6
-40
Convert 19 (base 11) to base 5.
40
20 (base 4) to base 13
8
Convert -256 (base 7) to base 14.
-9d
What is 91 (base 11) in base 7?
202
Convert 30 (base 5) to base 14.
11
-2 (base 9) to base 3
-2
What is -3 (base 9) in base 10?
-3
What is 22 (base 3) in base 11?
8
Convert 14 (base 11) to base 16.
f
Convert -3 (base 6) to base 16.
-3
30 (base 8) to base 3
220
-205 (base 7) to base 5
-403
Convert 10 (base 2) to base 8.
2
Convert 1 (base 15) to base 10.
1
-10 (base 3) to base 10
-3
What is 22 (base 6) in base 5?
24
What is -4a (base 13) in base 15?
-42
2 (base 3) to base 4
2
What is -1211 (base 3) in base 6?
-121
10 (base 4) to base 2
100
Convert fc (base 16) to base 11.
20a
Convert 22 (base 3) to base 6.
12
b (base 15) to base 7
14
What is 110 (base 3) in base 2?
1100
110111 (base 2) to base 12
47
Convert -2133 (base 5) to base 3.
-101212
What is -2 (base 3) in base 13?
-2
What is -3 (base 16) in base 10?
-3
111 (base 2) to base 10
7
-32 (base 5) to base 15
-12
What is -b6 (base 13) in base 11?
-126
What is -11 (base 14) in base 6?
-23
-131 (base 4) to base 9
-32
-41 (base 9) to base 14
-29
25 (base 10) to base 16
19
Convert -26a (base 11) to base 6.
-1250
Convert 13 (base 11) to base 15.
e
What is 3 (base 12) in base 3?
10
What is -100 (base 7) in base 13?
-3a
-31 (base 11) to base 16
-22
22 (base 13) to base 6
44
10101 (base 2) to base 9
23
What is -55 (base 7) in base 11?
-37
2 (base 7) to base 13
2
Convert -2 (base 4) to base 3.
-2
What is -100 (base 4) in base 14?
-12
What is -21 (base 5) in base 2?
-1011
What is -120 (base 3) in base 13?
-12
Convert 40 (base 10) to base 11.
37
Convert -12 (base 6) to base 2.
-1000
Convert 46 (base 7) to base 14.
26
What is 4 (base 15) in base 7?
4
4 (base 10) to base 15
4
-100 (base 8) to base 10
-64
-200 (base 4) to base 16
-20
Convert 28 (base 9) to base 4.
122
Convert -92 (base 12) to base 6.
-302
Convert -25 (base 13) to base 10.
-31
What is -f (base 16) in base 13?
-12
3 (base 16) to base 4
3
Convert ba (base 15) to base 6.
451
What is b3 (base 16) in base 2?
10110011
Convert -12222 (base 4) to base 2.
-110101010
-4 (base 9) to base 5
-4
Convert 110 (base 6) to base 13.
33
What is -10121 (base 3) in base 2?
-1100001
Convert -76 (base 8) to base 10.
-62
-3 (base 13) to base 9
-3
Convert 73 (base 8) to base 11.
54
What is 160 (base 9) in base 7?
252
-137 (base 10) to base 4
-2021
11 (base 9) to base 2
1010
What is -1 (base 9) in base 10?
-1
Convert -72 (base 11) to base 6.
-211
Convert -3 (base 9) to base 15.
-3
-228 (base 13) to base 8
-564
What is -14 (base 10) in base 14?
-10
What is -18 (base 11) in base 4?
-103
18 (base 15) to base 9
25
18 (base 10) to base 13
15
Convert -4 (base 6) to base 2.
-100
What is -29 (base 11) in base 12?
-27
Convert 20 (base 4) to base 10.
8
Convert -4 (base 14) to base 12.
-4
What is 0 (base 12) in base 6?
0
110001 (base 2) to base 16
31
Convert c8 (base 14) to base 9.
215
-112 (base 9) to base 10
-92
-10 (base 7) to base 15
-7
20002 (base 3) to base 6
432
What is 10 (base 2) in base 4?
2
Convert 0 (base 7) to base 14.
0
Convert -b8 (base 12) to base 2.
-10001100
Convert -32 (base 6) to base 3.
-202
1 (base 3) to base 6
1
What is 14 (base 7) in base 4?
23
32 (base 4) to base 16
e
Convert -2 (base 14) to base 8.
-2
3 (base 6) to base 10
3
What is -4 (base 15) in base 4?
-10
Convert 11 (base 16) to base 3.
122
What is -146 (base 11) in base 15?
-b6
Convert 1d (base 14) to base 9.
30
a (base 15) to base 13
a
What is -5 (base 16) in base 8?
-5
1223 (base 4) to base 8
153
What is -1 (base 7) in base 9?
-1
What is -4b (base 14) in base 8?
-103
0 (base 5) to base 3
0
What is -1 (base 7) in base 4?
-1
What is -22 (base 13) in base 5?
-103
What is -1202 (base 3) in base 10?
-47
Convert -1 (base 7) to base 9.
-1
-2 (base 13) to base 4
-2
0 (base 2) to base 4
0
Convert 3 (base 9) to base 16.
3
What is -430 (base 6) in base 13?
-c6
Convert 129 (base 11) to base 12.
108
Convert -103 (base 7) to base 9.
-57
Convert -39 (base 13) to base 14.
-36
Convert 3 (base 5) to base 8.
3
29 (base 16) to base 9
45
What is -78 (base 10) in base 2?
-1001110
What is 1 (base 8) in base 12?
1
What is -92 (base 10) in base 14?
-68
Convert 203 (base 4) to base 2.
100011
Convert 16b (base 13) to base 8.
402
Convert -b (base 12) to base 3.
-102
What is -3 (base 7) in base 3?
-10
Convert -4 (base 12) to base 2.
-100
Convert -15 (base 9) to base 3.
-112
Convert 11 (base 4) to base 11.
5
What is 44 (base 5) in base 11?
22
What is 0 (base 3) in base 14?
0
-1d (base 14) to base 16
-1b
What is 11 (base 8) in base 12?
9
3 (base 11) to base 5
3
-1 (base 12) to base 5
-1
Convert -3 (base 4) to base 8.
-3
4 (base 8) to base 10
4
Convert 25 (base 8) to base 11.
1a
What is -5 (base 13) in base 10?
-5
Convert 3 (base 9) to base 4.
3
What is -410 (base 8) in base 14?
-14c
What is -2 (base 9) in base 5?
-2
Convert -10 (base 2) to base 14.
-2
38 (base 10) to base 4
212
24 (base 10) to base 3
220
Convert -172 (base 15) to base 6.
-1312
3 (base 8) to base 7
3
-3 (base 11) to base 13
-3
Convert 2 (base 7) to base 12.
2
What is 1d (base 15) in base 12?
24
10010101 (base 2) to base 7
302
What is 53 (base 16) in base 6?
215
-11000 (base 2) to base 14
-1a
41 (base 7) to base 9
32
What is -1011 (base 2) in base 11?
-10
Convert -45 (base 13) to base 2.
-111001
What is 101 (base 2) in base 9?
5
Convert 1 (base 11) to base 3.
1
Convert -2344 (base 5) to base 12.
-251
What is 70 (base 11) in base 16?
4d
Convert 11 (base 3) to base 12.
4
Convert 40 (base 11) to base 10.
44
Convert -12 (base 7) to base 5.
-14
Convert -47 (base 11) to base 4.
-303
Convert -24 (base 16) to base 11.
-33
4 (base 8) to base 13
4
10 (base 2) to base 12
2
Convert -9d (base 15) to base 14.
-a8
33 (base 7) to base 9
26
What is 88 (base 16) in base 8?
210
3 (base 14) to base 2
11
Convert -2 (base 13) to base 14.
-2
-1 (base 9) to base 3
-1
440 (base 5) to base 2
1111000
What is 67 (base 11) in base 5?
243
What is -8 (base 9) in base 16?
-8
What is 32 (base 13) in base 16?
29
Convert 1110111 (base 2) to base 12.
9b
Convert -12 (base 14) to base 9.
-17
Convert 3 (base 13) to base 12.
3
What is 1 (base 12) in base 7?
1
What is 0 (base 9) in base 16?
0
4 (base 6) to base 3
11
111 (base 3) to base 9
14
Convert -11 (base 2) to base 10.
-3
What is 9 (base 14) in base 15?
9
2 (base 7) to base 15
2
Convert -1011 (base 2) to base 9.
-12
-344 (base 6) to base 5
-1021
What is 11 (base 6) in base 14?
7
5 (base 8) to base 9
5
Convert -3 (base 4) to base 3.
-10
Convert -221 (base 10) to base 8.
-335
-2 (base 11) to base 6
-2
Convert -3 (base 9) to base 16.
-3
What is 39 (base 16) in base 10?
57
-12 (base 12) to base 9
-15
Convert -10 (base 4) to base 9.
-4
What is -1002 (base 3) in base 10?
-29
Convert 1 (base 4) to base 5.
1
What is -1 (base 2) in base 3?
-1
-1 (base 4) to base 3
-1
101 (base 6) to base 2
100101
What is -2 (base 12